2?
16
Calculate the remainder when 67907 is divided by 9546.
1085
Calculate the remainder when 7638140 is divided by 371.
363
What is the remainder when 2021633 is divided by 224493?
1196
What is the remainder when 1257862 is divided by 3129?
4
What is the remainder when 162924 is divided by 485?
449
Calculate the remainder when 664795 is divided by 332336.
123
What is the remainder when 473914 is divided by 569?
506
What is the remainder when 241659509 is divided by 32?
21
Calculate the remainder when 44060 is divided by 255.
200
Calculate the remainder when 1129648 is divided by 801.
238
What is the remainder when 11429713 is divided by 4413?
43
What is the remainder when 217893 is divided by 95?
58
Calculate the remainder when 4145751 is divided by 235.
116
Calculate the remainder when 1891062 is divided by 4032.
54
Calculate the remainder when 2119574 is divided by 78.
2
What is the remainder when 62754586 is divided by 28?
6
What is the remainder when 67576 is divided by 67504?
72
Calculate the remainder when 69443420 is divided by 82.
80
Calculate the remainder when 113450671 is divided by 17.
15
What is the remainder when 11835307 is divided by 32074?
1
What is the remainder when 153186409 is divided by 788?
785
What is the remainder when 3998422 is divided by 207?
10
What is the remainder when 1993871 is divided by 20140?
11
What is the remainder when 2950834 is divided by 34312?
2
What is the remainder when 31267 is divided by 14796?
1675
What is the remainder when 464042 is divided by 154678?
8
Calculate the remainder when 3807998 is divided by 181326.
152
Calculate the remainder when 502350 is divided by 83710.
90
What is the remainder when 52733 is divided by 15273?
6914
Calculate the remainder when 152354 is divided by 30299.
859
What is the remainder when 9763186 is divided by 370?
366
What is the remainder when 1991305 is divided by 352?
41
What is the remainder when 931322 is divided by 7151?
1692
Calculate the remainder when 670857 is divided by 171.
24
Calculate the remainder when 3800583 is divided by 88385.
28
Calculate the remainder when 19300133 is divided by 76285.
28
What is the remainder when 999 is divided by 794?
205
What is the remainder when 143044 is divided by 5715?
169
What is the remainder when 3168873 is divided by 149?
90
What is the remainder when 8359838 is divided by 49?
46
What is the remainder when 2612486 is divided by 2049?
11
What is the remainder when 24132096 is divided by 1005504?
0
What is the remainder when 488130 is divided by 427?
69
Calculate the remainder when 31716192 is divided by 105.
102
Calculate the remainder when 14437 is divided by 4573.
718
Calculate the remainder when 45018 is divided by 3761.
3647
What is the remainder when 15886751 is divided by 188?
187
What is the remainder when 314605 is divided by 156247?
2111
Calculate the remainder when 147528 is divided by 48619.
1671
Calculate the remainder when 67805164 is divided by 16951289.
8
What is the remainder when 196672416 is divided by 122?
120
Calculate the remainder when 102872913 is divided by 5.
3
What is the remainder when 21634 is divided by 225?
34
What is the remainder when 4154079 is divided by 830815?
4
What is the remainder when 18214323 is divided by 34?
13
Calculate the remainder when 208455153 is divided by 3876.
3873
What is the remainder when 1279402 is divided by 182620?
1062
What is the remainder when 68889348 is divided by 124349?
2
Calculate the remainder when 62174 is divided by 280.
14
What is the remainder when 19460983 is divided by 1261?
1231
Calculate the remainder when 41476025 is divided by 5479.
5474
Calculate the remainder when 830 is divided by 325.
180
Calculate the remainder when 5945048 is divided by 6533.
18
Calculate the remainder when 228469 is divided by 346.
109
What is the remainder when 140931 is divided by 140894?
37
What is the remainder when 4876825 is divided by 1691?
1672
What is the remainder when 412869 is divided by 67?
15
Calculate the remainder when 79199 is divided by 1071.
1016
What is the remainder when 40340760 is divided by 38?
36
What is the remainder when 755891 is divided by 265?
111
Calculate the remainder when 47733502 is divided by 59.
24
What is the remainder when 21243 is divided by 1760?
123
What is the remainder when 1430650 is divided by 476878?
16
What is the remainder when 1218442 is divided by 4893?
85
What is the remainder when 3675249 is divided by 53?
17
What is the remainder when 291595 is divided by 605?
590
What is the remainder when 50072 is divided by 2381?
71
Calculate the remainder when 1999005 is divided by 1002.
15
What is the remainder when 2415 is divided by 2235?
180
Calculate the remainder when 262009 is divided by 7937.
88
Calculate the remainder when 747290 is divided by 4370.
20
Calculate the remainder when 4963778 is divided by 275708.
1034
Calculate the remainder when 36430 is divided by 1313.
979
Calculate the remainder when 1517969 is divided by 9256.
9241
Calculate the remainder when 96575932 is divided by 62.
20
What is the remainder when 783211 is divided by 105?
16
What is the remainder when 36217691 is divided by 108?
107
What is the remainder when 774645 is divided by 1424?
1413
Calculate the remainder when 976209 is divided by 4671.
4641
What is the remainder when 1093286 is divided by 573?
2
Calculate the remainder when 73940 is divided by 2092.
720
What is the remainder when 13442448 is divided by 1990?
1988
Calculate the remainder when 74702 is divided by 23968.
2798
Calculate the remainder when 113681 is divided by 2365.
161
What is the remainder when 1247545 is divided by 55?
35
What is the remainder when 4069374 is divided by 2125?
2124
What is the remainder when 60168 is divided by 6632?
480
Calculate the remainder when 102496561 is divided by 27.
25
Calculate the remainder when 2336481 is divided by 78.
69
What is the remainder when 141284649 is divided by 503?
500
What is the remainder when 392808 is divided by 3315?
1638
What is the remainder when 19049478 is divided by 373?
368
Calculate the remainder when 11870962 is divided by 3133.
25
What is the remainder when 2789610 is divided by 38?
30
Calculate the remainder when 25821247 is divided by 24132.
7
Calculate the remainder when 50758521 is divided by 1908.
1905
Calculate the remainder when 17918710 is divided by 142.
14
Calculate the remainder when 267223 is divided by 18648.
6151
What is the remainder when 1877240 is divided by 97?
96
Calculate the remainder when 2287564 is divided by 190627.
40
What is the remainder when 200129 is divided by 644?
489
Calculate the remainder when 935693 is divided by 33.
11
Calculate the remainder when 258322 is divided by 85053.
3163
What is the remainder when 165330 is divided by 3006?
0
Calculate the remainder when 5233625 is divided by 1382.
1373
Calculate the remainder when 137857 is divided by 5503.
282
Calculate the remainder when 918614 is divided by 3010.
564
Calculate the remainder when 197193020 is divided by 36.
32
What is the remainder when 7944864 is divided by 496554?
0
Calculate the remainder when 4972994 is divided by 97.
95
What is the remainder when 71681 is divided by 885?
881
What is the remainder when 12558882 is divided by 11?
6
What is the remainder when 13840809 is divided by 2686?
2537
What is the remainder when 1824067 is divided by 9?
1
What is the remainder when 182860452 is divided by 8134?
8132
What is the remainder when 1309032817 is divided by 10?
7
What is the remainder when 32323492 is divided by 28?
12
What is the remainder when 65682507 is divided by 277?
267
Calculate the remainder when 55853006 is divided by 538.
536
What is the remainder when 2162157 is divided by 540520?
77
What is the remainder when 213348 is divided by 106637?
74
What is the remainder when 1288580 is divided by 644125?
330
Calculate the remainder when 209783 is divided by 2380.
343
Calculate the remainder when 23236 is divided by 7728.
52
What is the remainder when 4577715 is divided by 653928?
219
Calculate the remainder when 151694 is divided by 3616.
3438
What is the remainder when 248590 is divided by 260?
30
What is the remainder when 28524876 is divided by 7?
2
Calculate the remainder when 2701606 is divided by 6